{"id":18,"date":"2021-05-20T20:04:49","date_gmt":"2021-05-20T18:04:49","guid":{"rendered":"https:\/\/salledelatournerie.fr\/?page_id=18"},"modified":"2021-10-06T20:56:43","modified_gmt":"2021-10-06T18:56:43","slug":"decouvrez-la-salle","status":"publish","type":"page","link":"https:\/\/salledelatournerie.fr\/?page_id=18","title":{"rendered":"D\u00e9couvrir la salle"},"content":{"rendered":"\n<p>A 30 minutes de Nantes, \u00e0 10 minutes d&rsquo;<strong>Ancenis<\/strong> et \u00e0 20 minutes de <strong>Vallet<\/strong> et <strong>Beaupr\u00e9au<\/strong>.<\/p>\n\n\n\n<p>La salle se situe en <strong>campagne<\/strong>, et vous propose entre autre un <strong>grand parking<\/strong>, un joli <strong>parc arbor\u00e9<\/strong>, un <strong>boulodrome<\/strong>, mais surtout <strong>100 places assises<\/strong>.<\/p>\n\n\n\n<p>Int\u00e9ress\u00e9(e) ? Consultez notre <a href=\"https:\/\/salledelatournerie.fr\/?page_id=2\" data-type=\"URL\" data-id=\"https:\/\/salledelatournerie.fr\/?page_id=2\">calendrier<\/a> pour connaitre les disponibilit\u00e9s.<\/p>\n\n\n\n<!-- default-view.php -->\n<div\n\tclass=\"ngg-galleryoverview default-view \n\t\t\"\n\tid=\"ngg-gallery-949351d8158e104c4ed5d291336d7512-1\">\n\n\t\t<!-- Thumbnails -->\n\t\t\t\t<div id=\"ngg-image-0\" class=\"ngg-gallery-thumbnail-box \n\t\t\t\t\t\t\t\tngg-3-columns\t\t\t\" \n\t\t\t>\n\t\t\t\t\t\t<div class=\"ngg-gallery-thumbnail\">\n\t\t\t<a href=\"https:\/\/salledelatournerie.fr\/wp-content\/gallery\/photos202105\/DSC_4072.jpg\"\n\t\t\t\ttitle=\"\"\n\t\t\t\tdata-src=\"https:\/\/salledelatournerie.fr\/wp-content\/gallery\/photos202105\/DSC_4072.jpg\"\n\t\t\t\tdata-thumbnail=\"https:\/\/salledelatournerie.fr\/wp-content\/gallery\/photos202105\/thumbs\/thumbs_DSC_4072.jpg\"\n\t\t\t\tdata-image-id=\"1\"\n\t\t\t\tdata-title=\"DSC_4072\"\n\t\t\t\tdata-description=\"\"\n\t\t\t\tdata-image-slug=\"dsc_4072\"\n\t\t\t\tclass=\"ngg-simplelightbox\" rel=\"949351d8158e104c4ed5d291336d7512\">\n\t\t\t\t<img\n\t\t\t\t\ttitle=\"DSC_4072\"\n\t\t\t\t\talt=\"DSC_4072\"\n\t\t\t\t\tsrc=\"https:\/\/salledelatournerie.fr\/wp-content\/gallery\/photos202105\/thumbs\/thumbs_DSC_4072.jpg\"\n\t\t\t\t\twidth=\"240\"\n\t\t\t\t\theight=\"160\"\n\t\t\t\t\tstyle=\"max-width:100%;\"\n\t\t\t\t\/>\n\t\t\t<\/a>\n\t\t<\/div>\n\t\t\t\t\t\t\t<\/div> \n\t\t\t\n\t\t\t\t<div id=\"ngg-image-1\" class=\"ngg-gallery-thumbnail-box \n\t\t\t\t\t\t\t\tngg-3-columns\t\t\t\" \n\t\t\t>\n\t\t\t\t\t\t<div class=\"ngg-gallery-thumbnail\">\n\t\t\t<a href=\"https:\/\/salledelatournerie.fr\/wp-content\/gallery\/photos202105\/DSC_4073.jpg\"\n\t\t\t\ttitle=\"\"\n\t\t\t\tdata-src=\"https:\/\/salledelatournerie.fr\/wp-content\/gallery\/photos202105\/DSC_4073.jpg\"\n\t\t\t\tdata-thumbnail=\"https:\/\/salledelatournerie.fr\/wp-content\/gallery\/photos202105\/thumbs\/thumbs_DSC_4073.jpg\"\n\t\t\t\tdata-image-id=\"2\"\n\t\t\t\tdata-title=\"DSC_4073\"\n\t\t\t\tdata-description=\"\"\n\t\t\t\tdata-image-slug=\"dsc_4073\"\n\t\t\t\tclass=\"ngg-simplelightbox\" rel=\"949351d8158e104c4ed5d291336d7512\">\n\t\t\t\t<img\n\t\t\t\t\ttitle=\"DSC_4073\"\n\t\t\t\t\talt=\"DSC_4073\"\n\t\t\t\t\tsrc=\"https:\/\/salledelatournerie.fr\/wp-content\/gallery\/photos202105\/thumbs\/thumbs_DSC_4073.jpg\"\n\t\t\t\t\twidth=\"240\"\n\t\t\t\t\theight=\"160\"\n\t\t\t\t\tstyle=\"max-width:100%;\"\n\t\t\t\t\/>\n\t\t\t<\/a>\n\t\t<\/div>\n\t\t\t\t\t\t\t<\/div> \n\t\t\t\n\t\t\t\t<div id=\"ngg-image-2\" class=\"ngg-gallery-thumbnail-box \n\t\t\t\t\t\t\t\tngg-3-columns\t\t\t\" \n\t\t\t>\n\t\t\t\t\t\t<div class=\"ngg-gallery-thumbnail\">\n\t\t\t<a href=\"https:\/\/salledelatournerie.fr\/wp-content\/gallery\/photos202105\/DSC_4074.jpg\"\n\t\t\t\ttitle=\"\"\n\t\t\t\tdata-src=\"https:\/\/salledelatournerie.fr\/wp-content\/gallery\/photos202105\/DSC_4074.jpg\"\n\t\t\t\tdata-thumbnail=\"https:\/\/salledelatournerie.fr\/wp-content\/gallery\/photos202105\/thumbs\/thumbs_DSC_4074.jpg\"\n\t\t\t\tdata-image-id=\"3\"\n\t\t\t\tdata-title=\"DSC_4074\"\n\t\t\t\tdata-description=\"\"\n\t\t\t\tdata-image-slug=\"dsc_4074\"\n\t\t\t\tclass=\"ngg-simplelightbox\" rel=\"949351d8158e104c4ed5d291336d7512\">\n\t\t\t\t<img\n\t\t\t\t\ttitle=\"DSC_4074\"\n\t\t\t\t\talt=\"DSC_4074\"\n\t\t\t\t\tsrc=\"https:\/\/salledelatournerie.fr\/wp-content\/gallery\/photos202105\/thumbs\/thumbs_DSC_4074.jpg\"\n\t\t\t\t\twidth=\"240\"\n\t\t\t\t\theight=\"160\"\n\t\t\t\t\tstyle=\"max-width:100%;\"\n\t\t\t\t\/>\n\t\t\t<\/a>\n\t\t<\/div>\n\t\t\t\t\t\t\t<\/div> \n\t\t\t\n\t\t\t\t<div id=\"ngg-image-3\" class=\"ngg-gallery-thumbnail-box \n\t\t\t\t\t\t\t\tngg-3-columns\t\t\t\" \n\t\t\t>\n\t\t\t\t\t\t<div class=\"ngg-gallery-thumbnail\">\n\t\t\t<a href=\"https:\/\/salledelatournerie.fr\/wp-content\/gallery\/photos202105\/DSC_4086.jpg\"\n\t\t\t\ttitle=\"\"\n\t\t\t\tdata-src=\"https:\/\/salledelatournerie.fr\/wp-content\/gallery\/photos202105\/DSC_4086.jpg\"\n\t\t\t\tdata-thumbnail=\"https:\/\/salledelatournerie.fr\/wp-content\/gallery\/photos202105\/thumbs\/thumbs_DSC_4086.jpg\"\n\t\t\t\tdata-image-id=\"4\"\n\t\t\t\tdata-title=\"DSC_4086\"\n\t\t\t\tdata-description=\"\"\n\t\t\t\tdata-image-slug=\"dsc_4086\"\n\t\t\t\tclass=\"ngg-simplelightbox\" rel=\"949351d8158e104c4ed5d291336d7512\">\n\t\t\t\t<img\n\t\t\t\t\ttitle=\"DSC_4086\"\n\t\t\t\t\talt=\"DSC_4086\"\n\t\t\t\t\tsrc=\"https:\/\/salledelatournerie.fr\/wp-content\/gallery\/photos202105\/thumbs\/thumbs_DSC_4086.jpg\"\n\t\t\t\t\twidth=\"240\"\n\t\t\t\t\theight=\"160\"\n\t\t\t\t\tstyle=\"max-width:100%;\"\n\t\t\t\t\/>\n\t\t\t<\/a>\n\t\t<\/div>\n\t\t\t\t\t\t\t<\/div> \n\t\t\t\n\t\t\t\t<div id=\"ngg-image-4\" class=\"ngg-gallery-thumbnail-box \n\t\t\t\t\t\t\t\tngg-3-columns\t\t\t\" \n\t\t\t>\n\t\t\t\t\t\t<div class=\"ngg-gallery-thumbnail\">\n\t\t\t<a href=\"https:\/\/salledelatournerie.fr\/wp-content\/gallery\/photos202105\/DSC_4087.jpg\"\n\t\t\t\ttitle=\"\"\n\t\t\t\tdata-src=\"https:\/\/salledelatournerie.fr\/wp-content\/gallery\/photos202105\/DSC_4087.jpg\"\n\t\t\t\tdata-thumbnail=\"https:\/\/salledelatournerie.fr\/wp-content\/gallery\/photos202105\/thumbs\/thumbs_DSC_4087.jpg\"\n\t\t\t\tdata-image-id=\"5\"\n\t\t\t\tdata-title=\"DSC_4087\"\n\t\t\t\tdata-description=\"\"\n\t\t\t\tdata-image-slug=\"dsc_4087\"\n\t\t\t\tclass=\"ngg-simplelightbox\" rel=\"949351d8158e104c4ed5d291336d7512\">\n\t\t\t\t<img\n\t\t\t\t\ttitle=\"DSC_4087\"\n\t\t\t\t\talt=\"DSC_4087\"\n\t\t\t\t\tsrc=\"https:\/\/salledelatournerie.fr\/wp-content\/gallery\/photos202105\/thumbs\/thumbs_DSC_4087.jpg\"\n\t\t\t\t\twidth=\"240\"\n\t\t\t\t\theight=\"160\"\n\t\t\t\t\tstyle=\"max-width:100%;\"\n\t\t\t\t\/>\n\t\t\t<\/a>\n\t\t<\/div>\n\t\t\t\t\t\t\t<\/div> \n\t\t\t\n\t\t\t\t<div id=\"ngg-image-5\" class=\"ngg-gallery-thumbnail-box \n\t\t\t\t\t\t\t\tngg-3-columns\t\t\t\" \n\t\t\t>\n\t\t\t\t\t\t<div class=\"ngg-gallery-thumbnail\">\n\t\t\t<a href=\"https:\/\/salledelatournerie.fr\/wp-content\/gallery\/photos202105\/DSC_4088.jpg\"\n\t\t\t\ttitle=\"\"\n\t\t\t\tdata-src=\"https:\/\/salledelatournerie.fr\/wp-content\/gallery\/photos202105\/DSC_4088.jpg\"\n\t\t\t\tdata-thumbnail=\"https:\/\/salledelatournerie.fr\/wp-content\/gallery\/photos202105\/thumbs\/thumbs_DSC_4088.jpg\"\n\t\t\t\tdata-image-id=\"6\"\n\t\t\t\tdata-title=\"DSC_4088\"\n\t\t\t\tdata-description=\"\"\n\t\t\t\tdata-image-slug=\"dsc_4088\"\n\t\t\t\tclass=\"ngg-simplelightbox\" rel=\"949351d8158e104c4ed5d291336d7512\">\n\t\t\t\t<img\n\t\t\t\t\ttitle=\"DSC_4088\"\n\t\t\t\t\talt=\"DSC_4088\"\n\t\t\t\t\tsrc=\"https:\/\/salledelatournerie.fr\/wp-content\/gallery\/photos202105\/thumbs\/thumbs_DSC_4088.jpg\"\n\t\t\t\t\twidth=\"240\"\n\t\t\t\t\theight=\"160\"\n\t\t\t\t\tstyle=\"max-width:100%;\"\n\t\t\t\t\/>\n\t\t\t<\/a>\n\t\t<\/div>\n\t\t\t\t\t\t\t<\/div> \n\t\t\t\n\t\t\t\t<div id=\"ngg-image-6\" class=\"ngg-gallery-thumbnail-box \n\t\t\t\t\t\t\t\tngg-3-columns\t\t\t\" \n\t\t\t>\n\t\t\t\t\t\t<div class=\"ngg-gallery-thumbnail\">\n\t\t\t<a href=\"https:\/\/salledelatournerie.fr\/wp-content\/gallery\/photos202105\/DSC_4090.jpg\"\n\t\t\t\ttitle=\"\"\n\t\t\t\tdata-src=\"https:\/\/salledelatournerie.fr\/wp-content\/gallery\/photos202105\/DSC_4090.jpg\"\n\t\t\t\tdata-thumbnail=\"https:\/\/salledelatournerie.fr\/wp-content\/gallery\/photos202105\/thumbs\/thumbs_DSC_4090.jpg\"\n\t\t\t\tdata-image-id=\"7\"\n\t\t\t\tdata-title=\"DSC_4090\"\n\t\t\t\tdata-description=\"\"\n\t\t\t\tdata-image-slug=\"dsc_4090\"\n\t\t\t\tclass=\"ngg-simplelightbox\" rel=\"949351d8158e104c4ed5d291336d7512\">\n\t\t\t\t<img\n\t\t\t\t\ttitle=\"DSC_4090\"\n\t\t\t\t\talt=\"DSC_4090\"\n\t\t\t\t\tsrc=\"https:\/\/salledelatournerie.fr\/wp-content\/gallery\/photos202105\/thumbs\/thumbs_DSC_4090.jpg\"\n\t\t\t\t\twidth=\"240\"\n\t\t\t\t\theight=\"160\"\n\t\t\t\t\tstyle=\"max-width:100%;\"\n\t\t\t\t\/>\n\t\t\t<\/a>\n\t\t<\/div>\n\t\t\t\t\t\t\t<\/div> \n\t\t\t\n\t\t\t\t<div id=\"ngg-image-7\" class=\"ngg-gallery-thumbnail-box \n\t\t\t\t\t\t\t\tngg-3-columns\t\t\t\" \n\t\t\t>\n\t\t\t\t\t\t<div class=\"ngg-gallery-thumbnail\">\n\t\t\t<a href=\"https:\/\/salledelatournerie.fr\/wp-content\/gallery\/photos202105\/DSC_4091.jpg\"\n\t\t\t\ttitle=\"\"\n\t\t\t\tdata-src=\"https:\/\/salledelatournerie.fr\/wp-content\/gallery\/photos202105\/DSC_4091.jpg\"\n\t\t\t\tdata-thumbnail=\"https:\/\/salledelatournerie.fr\/wp-content\/gallery\/photos202105\/thumbs\/thumbs_DSC_4091.jpg\"\n\t\t\t\tdata-image-id=\"8\"\n\t\t\t\tdata-title=\"DSC_4091\"\n\t\t\t\tdata-description=\"\"\n\t\t\t\tdata-image-slug=\"dsc_4091\"\n\t\t\t\tclass=\"ngg-simplelightbox\" rel=\"949351d8158e104c4ed5d291336d7512\">\n\t\t\t\t<img\n\t\t\t\t\ttitle=\"DSC_4091\"\n\t\t\t\t\talt=\"DSC_4091\"\n\t\t\t\t\tsrc=\"https:\/\/salledelatournerie.fr\/wp-content\/gallery\/photos202105\/thumbs\/thumbs_DSC_4091.jpg\"\n\t\t\t\t\twidth=\"240\"\n\t\t\t\t\theight=\"160\"\n\t\t\t\t\tstyle=\"max-width:100%;\"\n\t\t\t\t\/>\n\t\t\t<\/a>\n\t\t<\/div>\n\t\t\t\t\t\t\t<\/div> \n\t\t\t\n\t\t\t\t<div id=\"ngg-image-8\" class=\"ngg-gallery-thumbnail-box \n\t\t\t\t\t\t\t\tngg-3-columns\t\t\t\" \n\t\t\t>\n\t\t\t\t\t\t<div class=\"ngg-gallery-thumbnail\">\n\t\t\t<a href=\"https:\/\/salledelatournerie.fr\/wp-content\/gallery\/photos202105\/DSC_4102.jpg\"\n\t\t\t\ttitle=\"\"\n\t\t\t\tdata-src=\"https:\/\/salledelatournerie.fr\/wp-content\/gallery\/photos202105\/DSC_4102.jpg\"\n\t\t\t\tdata-thumbnail=\"https:\/\/salledelatournerie.fr\/wp-content\/gallery\/photos202105\/thumbs\/thumbs_DSC_4102.jpg\"\n\t\t\t\tdata-image-id=\"9\"\n\t\t\t\tdata-title=\"DSC_4102\"\n\t\t\t\tdata-description=\"\"\n\t\t\t\tdata-image-slug=\"dsc_4102\"\n\t\t\t\tclass=\"ngg-simplelightbox\" rel=\"949351d8158e104c4ed5d291336d7512\">\n\t\t\t\t<img\n\t\t\t\t\ttitle=\"DSC_4102\"\n\t\t\t\t\talt=\"DSC_4102\"\n\t\t\t\t\tsrc=\"https:\/\/salledelatournerie.fr\/wp-content\/gallery\/photos202105\/thumbs\/thumbs_DSC_4102.jpg\"\n\t\t\t\t\twidth=\"240\"\n\t\t\t\t\theight=\"160\"\n\t\t\t\t\tstyle=\"max-width:100%;\"\n\t\t\t\t\/>\n\t\t\t<\/a>\n\t\t<\/div>\n\t\t\t\t\t\t\t<\/div> \n\t\t\t\n\t\t\t\t<div id=\"ngg-image-9\" class=\"ngg-gallery-thumbnail-box \n\t\t\t\t\t\t\t\tngg-3-columns\t\t\t\" \n\t\t\t>\n\t\t\t\t\t\t<div class=\"ngg-gallery-thumbnail\">\n\t\t\t<a href=\"https:\/\/salledelatournerie.fr\/wp-content\/gallery\/photos202105\/DSC_4105.jpg\"\n\t\t\t\ttitle=\"\"\n\t\t\t\tdata-src=\"https:\/\/salledelatournerie.fr\/wp-content\/gallery\/photos202105\/DSC_4105.jpg\"\n\t\t\t\tdata-thumbnail=\"https:\/\/salledelatournerie.fr\/wp-content\/gallery\/photos202105\/thumbs\/thumbs_DSC_4105.jpg\"\n\t\t\t\tdata-image-id=\"10\"\n\t\t\t\tdata-title=\"DSC_4105\"\n\t\t\t\tdata-description=\"\"\n\t\t\t\tdata-image-slug=\"dsc_4105\"\n\t\t\t\tclass=\"ngg-simplelightbox\" rel=\"949351d8158e104c4ed5d291336d7512\">\n\t\t\t\t<img\n\t\t\t\t\ttitle=\"DSC_4105\"\n\t\t\t\t\talt=\"DSC_4105\"\n\t\t\t\t\tsrc=\"https:\/\/salledelatournerie.fr\/wp-content\/gallery\/photos202105\/thumbs\/thumbs_DSC_4105.jpg\"\n\t\t\t\t\twidth=\"240\"\n\t\t\t\t\theight=\"160\"\n\t\t\t\t\tstyle=\"max-width:100%;\"\n\t\t\t\t\/>\n\t\t\t<\/a>\n\t\t<\/div>\n\t\t\t\t\t\t\t<\/div> \n\t\t\t\n\t\t\t\t<div id=\"ngg-image-10\" class=\"ngg-gallery-thumbnail-box \n\t\t\t\t\t\t\t\tngg-3-columns\t\t\t\" \n\t\t\t>\n\t\t\t\t\t\t<div class=\"ngg-gallery-thumbnail\">\n\t\t\t<a href=\"https:\/\/salledelatournerie.fr\/wp-content\/gallery\/photos202105\/DSC_4112.jpg\"\n\t\t\t\ttitle=\"\"\n\t\t\t\tdata-src=\"https:\/\/salledelatournerie.fr\/wp-content\/gallery\/photos202105\/DSC_4112.jpg\"\n\t\t\t\tdata-thumbnail=\"https:\/\/salledelatournerie.fr\/wp-content\/gallery\/photos202105\/thumbs\/thumbs_DSC_4112.jpg\"\n\t\t\t\tdata-image-id=\"11\"\n\t\t\t\tdata-title=\"DSC_4112\"\n\t\t\t\tdata-description=\"\"\n\t\t\t\tdata-image-slug=\"dsc_4112\"\n\t\t\t\tclass=\"ngg-simplelightbox\" rel=\"949351d8158e104c4ed5d291336d7512\">\n\t\t\t\t<img\n\t\t\t\t\ttitle=\"DSC_4112\"\n\t\t\t\t\talt=\"DSC_4112\"\n\t\t\t\t\tsrc=\"https:\/\/salledelatournerie.fr\/wp-content\/gallery\/photos202105\/thumbs\/thumbs_DSC_4112.jpg\"\n\t\t\t\t\twidth=\"240\"\n\t\t\t\t\theight=\"160\"\n\t\t\t\t\tstyle=\"max-width:100%;\"\n\t\t\t\t\/>\n\t\t\t<\/a>\n\t\t<\/div>\n\t\t\t\t\t\t\t<\/div> \n\t\t\t\n\t\n\t<br style=\"clear: both\" \/>\n\n\t\n\t\t<!-- Pagination -->\n\t\t<div class='ngg-clear'><\/div>\t<\/div>\n\n","protected":false},"excerpt":{"rendered":"<p>A 30 minutes de Nantes, \u00e0 10 minutes d&rsquo;Ancenis et \u00e0 20 minutes de Vallet et Beaupr\u00e9au. La salle se situe en campagne, et vous propose entre autre un grand parking, un joli parc arbor\u00e9, un boulodrome, mais surtout 100 places assises. Int\u00e9ress\u00e9(e) ? Consultez notre calendrier pour connaitre les disponibilit\u00e9s.<\/p>\n","protected":false},"author":1,"featured_media":0,"parent":0,"menu_order":0,"comment_status":"closed","ping_status":"closed","template":"","meta":{"ngg_post_thumbnail":0,"footnotes":""},"class_list":["post-18","page","type-page","status-publish","czr-hentry"],"yoast_head":"<!-- This site is optimized with the Yoast SEO plugin v22.6 - https:\/\/yoast.com\/wordpress\/plugins\/seo\/ -->\n<title>D\u00e9couvrir la salle - Salle de la Tournerie<\/title>\n<meta name=\"robots\" content=\"index, follow, max-snippet:-1, max-image-preview:large, max-video-preview:-1\" \/>\n<link rel=\"canonical\" href=\"https:\/\/salledelatournerie.fr\/?page_id=18\" \/>\n<script type=\"application\/ld+json\" class=\"yoast-schema-graph\">{\"@context\":\"https:\/\/schema.org\",\"@graph\":[{\"@type\":\"WebPage\",\"@id\":\"https:\/\/salledelatournerie.fr\/?page_id=18\",\"url\":\"https:\/\/salledelatournerie.fr\/?page_id=18\",\"name\":\"D\u00e9couvrir la salle - Salle de la Tournerie\",\"isPartOf\":{\"@id\":\"https:\/\/salledelatournerie.fr\/#website\"},\"datePublished\":\"2021-05-20T18:04:49+00:00\",\"dateModified\":\"2021-10-06T18:56:43+00:00\",\"breadcrumb\":{\"@id\":\"https:\/\/salledelatournerie.fr\/?page_id=18#breadcrumb\"},\"inLanguage\":\"fr-FR\",\"potentialAction\":[{\"@type\":\"ReadAction\",\"target\":[\"https:\/\/salledelatournerie.fr\/?page_id=18\"]}]},{\"@type\":\"BreadcrumbList\",\"@id\":\"https:\/\/salledelatournerie.fr\/?page_id=18#breadcrumb\",\"itemListElement\":[{\"@type\":\"ListItem\",\"position\":1,\"name\":\"Accueil\",\"item\":\"https:\/\/salledelatournerie.fr\/\"},{\"@type\":\"ListItem\",\"position\":2,\"name\":\"D\u00e9couvrir la salle\"}]},{\"@type\":\"WebSite\",\"@id\":\"https:\/\/salledelatournerie.fr\/#website\",\"url\":\"https:\/\/salledelatournerie.fr\/\",\"name\":\"Salle de la Tournerie\",\"description\":\"\",\"potentialAction\":[{\"@type\":\"SearchAction\",\"target\":{\"@type\":\"EntryPoint\",\"urlTemplate\":\"https:\/\/salledelatournerie.fr\/?s={search_term_string}\"},\"query-input\":\"required name=search_term_string\"}],\"inLanguage\":\"fr-FR\"}]}<\/script>\n<!-- \/ Yoast SEO plugin. -->","yoast_head_json":{"title":"D\u00e9couvrir la salle - Salle de la Tournerie","robots":{"index":"index","follow":"follow","max-snippet":"max-snippet:-1","max-image-preview":"max-image-preview:large","max-video-preview":"max-video-preview:-1"},"canonical":"https:\/\/salledelatournerie.fr\/?page_id=18","schema":{"@context":"https:\/\/schema.org","@graph":[{"@type":"WebPage","@id":"https:\/\/salledelatournerie.fr\/?page_id=18","url":"https:\/\/salledelatournerie.fr\/?page_id=18","name":"D\u00e9couvrir la salle - Salle de la Tournerie","isPartOf":{"@id":"https:\/\/salledelatournerie.fr\/#website"},"datePublished":"2021-05-20T18:04:49+00:00","dateModified":"2021-10-06T18:56:43+00:00","breadcrumb":{"@id":"https:\/\/salledelatournerie.fr\/?page_id=18#breadcrumb"},"inLanguage":"fr-FR","potentialAction":[{"@type":"ReadAction","target":["https:\/\/salledelatournerie.fr\/?page_id=18"]}]},{"@type":"BreadcrumbList","@id":"https:\/\/salledelatournerie.fr\/?page_id=18#breadcrumb","itemListElement":[{"@type":"ListItem","position":1,"name":"Accueil","item":"https:\/\/salledelatournerie.fr\/"},{"@type":"ListItem","position":2,"name":"D\u00e9couvrir la salle"}]},{"@type":"WebSite","@id":"https:\/\/salledelatournerie.fr\/#website","url":"https:\/\/salledelatournerie.fr\/","name":"Salle de la Tournerie","description":"","potentialAction":[{"@type":"SearchAction","target":{"@type":"EntryPoint","urlTemplate":"https:\/\/salledelatournerie.fr\/?s={search_term_string}"},"query-input":"required name=search_term_string"}],"inLanguage":"fr-FR"}]}},"_links":{"self":[{"href":"https:\/\/salledelatournerie.fr\/index.php?rest_route=\/wp\/v2\/pages\/18","targetHints":{"allow":["GET"]}}],"collection":[{"href":"https:\/\/salledelatournerie.fr\/index.php?rest_route=\/wp\/v2\/pages"}],"about":[{"href":"https:\/\/salledelatournerie.fr\/index.php?rest_route=\/wp\/v2\/types\/page"}],"author":[{"embeddable":true,"href":"https:\/\/salledelatournerie.fr\/index.php?rest_route=\/wp\/v2\/users\/1"}],"replies":[{"embeddable":true,"href":"https:\/\/salledelatournerie.fr\/index.php?rest_route=%2Fwp%2Fv2%2Fcomments&post=18"}],"version-history":[{"count":7,"href":"https:\/\/salledelatournerie.fr\/index.php?rest_route=\/wp\/v2\/pages\/18\/revisions"}],"predecessor-version":[{"id":125,"href":"https:\/\/salledelatournerie.fr\/index.php?rest_route=\/wp\/v2\/pages\/18\/revisions\/125"}],"wp:attachment":[{"href":"https:\/\/salledelatournerie.fr\/index.php?rest_route=%2Fwp%2Fv2%2Fmedia&parent=18"}],"curies":[{"name":"wp","href":"https:\/\/api.w.org\/{rel}","templated":true}]}}